98 = -9*i + 4*i - j, -i + 2*j + 13 = 0. What is the greatest common factor of i and 152?
19
Suppose 0 = 5*b - 9*b - 12. Let o be 4/10 - (-18)/5. Let x be ((-2)/b)/(o/18). What is the highest common factor of x and 1?
1
Let w(m) = -m**3 + 10*m**2 - 6*m - 2. Let u be w(6). Let t be -2 + (0 - -1) + u. Suppose 5*f = -0*f + t. What is the greatest common factor of f and 3?
3
Suppose -60 = 5*h - 8*h. What is the highest common factor of h and 4?
4
Suppose -a + 276 = n, -4*n + 2*n + 551 = a. Suppose 3*f + 40 = w, -7 = 2*f + 3. Calculate the highest common factor of n and w.
25
Let v(t) = -t**2 - 19*t + 12. Let s be v(-10). Calculate the highest common divisor of s and 34.
34
Suppose 0*k - 4*o = -5*k + 226, -5*o = -3*k + 133. What is the greatest common factor of 23 and k?
23
Let g = 21 - -12. Suppose 0 = -0*d + d - g. What is the highest common factor of 11 and d?
11
Suppose -91 = -5*s - a - 1, s - 18 = -4*a. Suppose -7 = -3*t + 425. What is the greatest common divisor of s and t?
18
Suppose g = -5*i + 3*g + 312, 4 = -4*g. Let l be (-2 - i/(-2)) + 1. Calculate the highest common factor of 20 and l.
10
Let y be (-26)/(-8) + 12/16. Suppose -2*q = -2*u - 8, -y*u + 7 + 5 = 3*q. Suppose -q*o + 2*o + 32 = 0. What is the highest common divisor of o and 2?
2
Suppose 389 = 3*x - 106. Calculate the highest common divisor of 15 and x.
15
Suppose -7 = o + 3*a, 2*a - 24 = -4*o + 3*a. Suppose o*i + 24 = i. Let c be i/(-9) - (-44)/6. What is the highest common factor of c and 4?
4
Suppose -2*m + 5*x = -9, -m - 2*x + 6 = -4*x. Let n be 0 - -58 - 6/(-3). Suppose -2*u + 7*u = n. What is the highest common divisor of m and u?
12
Let t = -19 + 13. Let r be 3/t*(2 + -24). What is the greatest common divisor of r and 55?
11
Suppose 2*v = -3*v - 5, 4*v + 14 = 2*t. Suppose t*q + 174 = 854. Let o be (2/(-6))/((-2)/102). Calculate the highest common divisor of o and q.
17
Suppose 3*i = 14 - 8. Calculate the highest common factor of i and 4.
2
Suppose 0 = s - 6 - 0. Let y be 18/(-4)*4*(-1)/3. Calculate the highest common factor of y and s.
6
Let t = -18 + 180. What is the greatest common factor of 27 and t?
27
Let w(l) = l**2 - 13*l + 8. Let u be w(13). Calculate the greatest common factor of u and 16.
8
Let n be (-2)/(-8) + (-935)/(-68). What is the highest common divisor of n and 7?
7
Suppose 5*a - 2*a = 0. Let j(t) = -t**2 + 11 + 2*t**2 + 49. Let x be j(a). Calculate the greatest common factor of 24 and x.
12
Suppose -5*d - 2*i = -226, -4*d + 0*d + 5*i + 194 = 0. Calculate the greatest common factor of d and 46.
46
Let k be -10*(-3)/(-6)*1. Let o be ((-16)/5)/(1/k). What is the highest common divisor of 2 and o?
2
Let i be -2*(2 - (1 - -2)). Suppose 2*d - i - 22 = -3*r, 4*d = -5*r + 48. Let b = 3 - -1. Calculate the greatest common factor of b and d.
4
Let u(r) = -28*r. Let z be u(-1). Let w = 8 - 7. Let g = 41 + w. What is the highest common divisor of z and g?
14
Let a = -43 - -46. Calculate the greatest common factor of 21 and a.
3
Let z = -160 + 162. Calculate the greatest common divisor of z and 38.
2
Let o = 2 - -4. Calculate the greatest common divisor of o and 1.
1
Let w(s) = 5*s**3 - 1. Let y be (6/4)/(6/8). Let a be w(y). What is the greatest common factor of 13 and a?
13
Let i = 46 - 19. Calculate the highest common factor of 216 and i.
27
Suppose 4*o = 48 - 4. What is the highest common factor of o and 44?
11
Suppose 10 = -b + 2*b. Suppose d + 0*d + h - 4 = 0, 0 = -2*d - 3*h + b. What is the highest common divisor of d and 2?
2
Let c = 28 + -3. Suppose 0 = 5*t + 10, -k + t - c = 60. Let r be 2/6 - k/9. Calculate the greatest common divisor of 70 and r.
10
Let v be ((-6)/(-8))/(2/32). Suppose -r + 4*r - v = 0. Suppose 24 = 5*i - 4*o, 0 = 3*i - r*i - 5*o - 1. Calculate the greatest common divisor of i and 4.
4
Let v(q) = q + 11. Let n be v(-7). Calculate the highest common factor of 12 and n.
4
Let m(y) = -y**3 + 3*y**2 + 4*y + 6. Let f be m(4). What is the highest common factor of f and 18?
6
Let t be 3/(-6) - 14/(-4). Suppose 152 = 4*i + 20. Calculate the highest common divisor of t and i.
3
Let r(y) = -y**2 - y - 3. Let f(k) = 1. Let u(g) = 4*f(g) + r(g). Let o be u(-1). Calculate the highest common divisor of 8 and o.
1
Let c(k) = 11*k**2 + k + 1. Let z be c(-1). What is the highest common factor of 77 and z?
11
Let x = 11 - 16. Let n = 17 + x. What is the greatest common divisor of n and 60?
12
Let c(w) = -9*w + 15. Let r be c(-5). Calculate the highest common divisor of 15 and r.
15
Suppose 2*y - 9 = 11. Suppose -6*i = -i + 4*u + 8, 0 = -i + u + 2. Suppose i = s - 2 - 2. Calculate the greatest common factor of s and y.
2
Let k(y) = 2*y**2 - 1. Let z be k(1). Suppose -2*h + z = -q, -h + 5 = 3*q - 5*q. Let p be (-177)/((-6)/2) - h. What is the greatest common divisor of p and 24?
12
Let m be 12/((-1)/4 - -1). Let h(d) = 3*d**2 - 14*d + 39. Let l be h(3). Calculate the highest common divisor of m and l.
8
Let d be ((-7)/14)/((-1)/46). Suppose 0 = 5*g - 4*c - 13, -4*c + d = 4*g - 3*c. Let l = 38 + -18. What is the greatest common factor of g and l?
5
Let y = -58 - -79. Let t be (2 + -37)*(-3 + 0). What is the greatest common divisor of t and y?
21
Let u(n) = -6*n - 81. Let y be u(-24). Calculate the highest common factor of 21 and y.
21
Let g be (-14)/21 - (-370)/15. Calculate the greatest common divisor of 84 and g.
12
Let h(z) = 5*z - 8. Let u be h(-8). Let t = -6 - u. What is the highest common factor of t and 14?
14
Suppose 5*f = -2*f + 21. Let v = 7 - 2. Suppose 6*m + f*d = m + 4, -v*m - d = -8. Calculate the greatest common factor of 1 and m.
1
Let u = 7 - 6. Let f(x) = x**3 + 9*x**2 + 2. Let c be f(-9). Calculate the greatest common divisor of c and u.
1
Suppose -100 = -4*y - 0*u - 3*u, 4*y - 5*u - 100 = 0. Calculate the highest common factor of y and 5.
5
Suppose 0 = -15*s + 8*s + 952. What is the highest common divisor of 17 and s?
17
Let t(l) = l + 11. Let k be t(-4). Let r(q) = 32*q**2 + 4*q. Let z be r(-3). Let u be (-6)/(-15) - z/(-10). Calculate the greatest common divisor of k and u.
7
Suppose 0 = 4*c - 4*k, -2*c + 6 = -5*k - 3. Let z be -3*(0 - (-3)/c). What is the greatest common factor of z and 3?
3
Let j be (-2 + -9)/((-4)/4). What is the greatest common divisor of 11 and j?
11
Let z(s) = 27*s - 1. Let v be z(1). Suppose 2*l - 6 = -l. Suppose -3*j + 2*n - v = -80, l*n = -6. What is the greatest common factor of 24 and j?
8
Let f(b) = 27*b + 1. Let u(g) = 2*g - 1. Let j be u(3). Suppose 0 = -3*d + j*d - 2. Let n be f(d). Calculate the greatest common divisor of 4 and n.
4
Suppose -6 = -l - 0. Let i = l - -1. Suppose -3*d = -11 - 10. Calculate the highest common divisor of d and i.
7
Suppose 6*a = 5*a + 8. Suppose -3*o - 156 = -5*n, -3*n + 2*o + 38 = -55. Let m = 65 - n. What is the greatest common factor of m and a?
8
Let t(n) = -43*n - 12. Let f(u) = 21*u + 6. Let j(l) = 7*f(l) + 3*t(l). Let p be j(7). Calculate the highest common factor of p and 12.
12
Let g be (-3)/((-1)/2 - (-4 + 5)). What is the greatest common factor of g and 4?
2
Suppose -140 = -0*a - 5*a. Suppose -4*y = -a + 4. Let h(c) = 7*c + 3. Let b be h(3). Calculate the highest common factor of y and b.
6
Let m = -25 - -25. Suppose 5*k - 82 + 12 = m. Suppose 0 = 2*q - 29 + 1. What is the highest common factor of k and q?
14
Suppose -120 = -0*m - 2*m. Suppose -4 = -2*l + q + q, 2*q = -l - 10. Let u be 5 + -3 + (-20)/l. What is the greatest common factor of m and u?
12
Suppose 10 = 4*j + j. Suppose j*z - 4 = z. Suppose -o + 91 = 5*i, 0 = i - 0*i - z*o - 14. Calculate the greatest common factor of 9 and i.
9
Let k = 3 - -1. Suppose -3*m + 84 = -15. Suppose 3*l - m = -9. What is the greatest common factor of k and l?
4
Let o(w) = 2*w**3 - 3*w**2 + 6*w + 2. Let d be o(5). What is the highest common divisor of 23 and d?
23
Let j = 3 + -10. Let w = j - -7. Suppose w = -2*c + 1 + 23. Calculate the highest common divisor of 96 and c.
12
Suppose 0 = 3*y + 3*n - 21, -y + 3 = -2*y + 4*n. Let c(g) = 2*g**2 - 8*g + 8. Let z be c(y). Calculate the highest common factor of 162 and z.
18
Suppose 5*n - 69 = -4*h, -2*h + 3*h - 21 = -5*n. Calculate the highest common divisor of 56 and h.
8
Suppose 3*v - 280 = -5*v. Calculate the highest common factor of 385 and v.
35
Suppose -3*a = -4*a + 5. Sup